 1) + 6 + -5?
3
What is the value of (2 - 6) + (-6 - -2) + 3?
-5
What is 0 - (-4 + 2 + 1 + 3)?
-2
Calculate -1 + (-9 + 4 - -2).
-4
Evaluate -1 + (-3 - -2) + 2.
0
Calculate 4 + -9 + 1 + -18 + 17.
-5
What is the value of 4 - (0 + -2) - (-6 - -6)?
6
Evaluate 4 + (-1 - (-2 - (3 - 7))).
1
What is the value of (1 - 7) + -2 + (-13 - -17)?
-4
-4 - (-2 + 4) - 0 - -3
-3
What is the value of 3 + ((-6 - -2) + 4 - 0)?
3
What is -5 + 0 + 5 + (2 - 7)?
-5
12 + -12 + 0 + 2
2
What is -8 - (2 + -7) - (1 + -6)?
2
What is the value of -8 + 12 + 1 + -8?
-3
What is the value of -3 - (6 - (0 - -5))?
-4
(-9 - -3) + (6 - -2)
2
What is the value of -11 - (0 + -6) - -6?
1
Calculate 1 + (1 - (4 + -5)) + -2.
1
What is (-6 - 0) + (0 - (-6 - -2))?
-2
What is 1 + (-4 - (-1 - -2 - 2))?
-2
Evaluate 10 - ((-5 - -15) + -8).
8
What is the value of 2 + 1 + (1 - 3)?
1
Calculate 0 - (7 - (0 + 1 - -2)).
-4
6 - (11 + (10 - 12))
-3
-5 + (-1 - (-2 - 0))
-4
What is -3 + (3 - 5) - -3?
-2
Evaluate -2 - (-1 + -1 + -3).
3
Evaluate -14 + 3 + (-4 - (-4 - 3)).
-8
What is the value of -1 + (-2 + 8 - 3) + 0?
2
Calculate 11 - (4 + 3) - 2.
2
Evaluate -17 + 14 - (-1 - -3).
-5
What is -3 + -3 - -6 - -1?
1
What is (70 - 67) + -7 + -2?
-6
What is 1 + 4 - (-1 - (-1 - 3))?
2
Evaluate (-2 - 4) + 0 - -1 - -1.
-4
Evaluate 6 + -14 + 2 + 1 + -1.
-6
Evaluate 1 + (3 - (0 + 1 + 1)).
2
What is 0 - (1 - (4 - 4))?
-1
What is the value of 10 + -4 + (3 - 14) + 3?
-2
Evaluate 2 - (8 + -5 + 5).
-6
What is -2 - (4 - (1 + 9) - -13)?
-9
What is the value of 9 + 12 + (-8 - 3)?
10
(-6 - -18) + (8 + -3 - 12)
5
What is the value of 17 - (5 + (-2 - -1 - -3))?
10
What is 8 + -6 + 2 - (-3 + 2)?
5
What is 6 + -1 - ((4 - 4) + 1)?
4
Calculate 1 - (16 + -17 - (-4 - 0)).
-2
What is 2 + -6 - (0 - 9)?
5
Calculate 4 + -4 - (4 - 0).
-4
What is 45 + -45 - (5 - 1)?
-4
-4 - (-4 + 2) - (1 - 1)
-2
-6 - (-5 + (8 - 7))
-2
What is the value of -8 + 7 + -3 + 3 + 0?
-1
3 - 3 - (-2 + -2)
4
What is -5 + (-6 - -16 - 6) + 7?
6
Calculate 3 + 2 + 0 + 5 - 4.
6
What is the value of (-2 - 0) + 1 - 1?
-2
What is 2 + -1 - (-12 - -15)?
-2
What is -17 + 25 - (-2 + 11)?
-1
Calculate -3 - (5 + 2 + -7).
-3
108 + -106 + (-2 - -1) + 7
8
What is the value of -3 + (-4 - -4) + 2 + -3?
-4
What is the value of 0 - (7 + (-10 - -2))?
1
What is the value of -2 + 6 - 0 - 0?
4
What is 4 + (-4 - (-5 - -5))?
0
37 + -23 - (12 - -2)
0
What is -9 + 9 - (1 - -1)?
-2
5 - (-1 - (2 - 5))
3
-5 + (-4 - -2) + 7
0
Evaluate 7 + (-2 - 1) + (8 - 9).
3
Calculate 10 + -7 - 7 - -1.
-3
Evaluate (5 - 3) + -4 - 3.
-5
(1 + 4 - 11 - -4) + -2
-4
Calculate 0 + 4 + 0 + (0 - 2).
2
What is -1 + -1 + (-3 - 0) + 8?
3
What is -1 - (-2 - -3) - (-2 - -4)?
-4
Calculate -3 + (-2 - (-15 - (-3 - 5))).
2
-1 - (2 + -1 + 0 - 4)
2
Calculate 10 + -3 - (-1 + 7).
1
What is the value of 2 - ((-2 - -5 - 4) + 4)?
-1
-8 + (16 + -4 - 5)
-1
What is the value of (52 + -52 - (0 - 6)) + -3?
3
What is the value of (4 - 8 - 1) + 2 + -1?
-4
-3 + (-35 - -43 - (1 - -12))
-8
Evaluate 2 + 0 - (10 - (5 + 0)).
-3
Calculate 3 + -5 - (1 - -2).
-5
Evaluate -3 - -3 - -4 - 3.
1
Evaluate (-4 - (2 + -4)) + 5.
3
Evaluate (-2 - -4) + -1 + 9 + -2.
8
Calculate -4 - ((-4 - 1) + 6).
-5
Evaluate -3 - (-6 + 6 + 0 + 2).
-5
2 + (11 + -6 - 21) + 5
-9
8 + (3 + 0 - (10 + -4))
5
What is the value of 2 - (1 - (-2 - -6) - -7)?
-2
Calculate (2 - (7 + 0)) + (17 - 1).
11
What is the value of 18 - 17 - (1 - (1 + -3))?
-2
Evaluate (0 - -8) + (4 - 5).
7
(-2 - 0 - -2) + (10 - 14)
-4
What is -1 + 7 - (-4 + 10)?
0
What is -1 + 5 + -10 + 14?
8
Evaluate 2 - (-9 - (-7 + (-7 - -7))).
4
Calculate -1 - -4 - (23 + -18).
-2
Calculate -1 + (1 - (4 + -4 + 0)).
0
Calculate -6 + 4 + 2 + 1.
1
Calculate -7 + 14 - (-3 - -9).
1
Calculate (0 + 4 - (-7 + 2)) + -3.
6
What is 8 + -5 + (8 - 23) - -5?
-7
Calculate (-1 - -7) + (39 - 46).
-1
What is 9 + -2 + 5 - (10 + -3)?
5
Calculate 2 - 6 - (9 + 1 + -14).
0
-14 + 20 + (-6 - -6)
6
3 + (-2 - (-3 + 6))
-2
(6 - 1) + (30 - 38)
-3
2 - (8 - 6) - 3
-3
What is the value of -1 + (-1 - (3 + 0))?
-5
Evaluate 5 + -5 + 8 + -6.
2
What is the value of (4 - (-6 + 4)) + (-6 - -3)?
3
What is the value of -2 - (3 + (-6 - -2))?
-1
5 + -3 - (-1 - (1 + -2))
2
What is the value of -6 + (6 - (2 + 2))?
-4
Evaluate -1 + -1 + -1 + 59 + -63.
-7
What is the value of 0 - 6 - (-50 + 49)?
-5
Calculate 2 - (3 - (3 - -2)).
4
What is the value of -29 - -29 - (1 + -7)?
6
What is the value of ((-3 - -9) + -1 - 2) + -10?
-7
What is 10 + -3 + -3 - 3?
1
What is 11 - (9 + -1) - 4?
-1
1 + -1 + -1 - -7
6
Calculate -5 - (-5 - (4 - 1)) - 9.
-6
2 + 5 - (-2 + 9 + -4)
4
-13 + 2 + -1 + 4 - -5
-3
What is 2 + 0 - (3 - 9)?
8
Evaluate -6 + 3 - (-4 + 1).
0
Calculate 0 + 1 + 1 + (-3 - -5).
4
What is the value of (37 - 38) + 1 + 3 + 1?
4
Evaluate 8 + -3 - (-1 + 0).
6
Calculate 14 + -26 + 5 - (-14 - 0).
7
What is -9 + 4 + 6 + 4 + -1?
4
Calculate 3 - (6 - 1 - (11 + -5)).
4
Evaluate -3 + 3 + 3 + -14 - -5.
-6
Calculate -18 + 23 + -3 + 0.
2
What is 1 + (9 - 6) + (4 - 14)?
-6
What is the value of 6 - (6 + 5) - -1?
-4
Evaluate (2 - 7) + 7 + (0 - -1).
3
-11 + (-10 - -8) + 6
-7
Calculate 12 + (-10 - -3) - 2.
3
Evaluate -1 - (4 - (-4 - -2 - -4)).
-3
Calculate -3 - (0 - (4 + 0) - -4).
-3
(3 - (10 + -9)) + 6
8
Calculate -1 - ((3 - 0) + -3 - 2).
1
What is (5 - 4 - (-1 - 2)) + -2?
2
Evaluate 8 + 0 + -6 - 2.
0
What is -4 - 0 - (-4 + -4)?
4
What is the value of -24 - -31 - (3 + 4)?
0
What is the value of 13 - (14 - -4) - (-1 - -3)?
-7
What is the value of -13 + 16 - (5 + -1) - -1?
0
(2 - 6) + 6 + -3 + -2
-3
What is the value of 3 - (2 - (-5 - -6 - 3))?
-1
Evaluate 7 + -6 + 0 + -5.
-4
What is -6 + 6 + -1 + -2?
-3
Calculate -6 + (-2 - (-5 - -3 - 3)).
-3
-12 - (-19 - -8) - -5
4
Calculate 3 - (-2 - (-15 - -9)).
-1
4 + (11 - (4 + 10))
1
What is 6 - (16 - ((2 - -5) + -6))?
-9
What is -9 + (-4 - -11) + 8?
6
What is -8 + 3 + (7 - 9)?
-7
What is 1 + -3 + 11 - (8 + -5)?
6
What is 5 + -1 + (3 - 9) - 2?
-4
What is the value of 6 + (-8 - -12) + -4?
6
What is the value of -1 + -1 + -3 + 2?
-3
Evaluate -1 + 2 + -1 + (95 - 103).
-8
Calculate 7 + 8 + -4 + -6 + -2.
3
-8 + 4 + -1 - (0 + -6)
1
What is the value of -4 + (28 - 7) + -11?
6
2 + 0 + -2 - 4
-4
Evaluate (-2 - (-5 + 7)) + 7.
3
What is -4 - (1 + 3 + -11)?
3
What is 1 + 11 + -7 + (-5 - -4)?
4
What is the value of (3 - -2) + (24 - 27)?
2
1 - (1 + -2 - -2 - -3)
-3
What is the value of (-7 + 11 - (2 + 1)) + -4?
-3
What is the value of -1 - (4 - -3) - (0 + -4)?
-4
Calculate -46 - -52 - ((-2 - -4) + 2).
2
Evaluate -6 + (-2 - 3) + 6.
-5
What is the value of (-1 - -1 - (-10 + 13)) + -1?
-4
2 + -6 + 6 - 2 - 0
0
Calculate 1 - (5 + -4 - -1).
-1
Evaluate -2 + (-10 - -4) - -13.
5
What is the value of (0 - -7) + 1 + -4?
4
What is -2 + (2 + 1 - 3) + 1?
-1
-2 - -8 - 5 - 4 - -3
0
What is the value of 4 + 5 - 1 - 4?
4
Evaluate 5 + -13 - (-3 - 1).
-4
What is the value of -2 + -1 + (-1 - -4) + -1?
-1
What is -1 + 1 + -5 - -3 - -2?
0
What is the value of (-3 - -15) + 25 + -31?
6
Evaluate 7 + (4 - 10) - 6.
-5
(-1 - -7) + 15 + -20 - 3
-2
Evaluate 2 + 2 + (3 - 9 - -3).
1
Calculate 6 - (3 + 0) - (2 + -2).
3
Calculate -2 + (8 - (6 + 5 + -6)).
1
Calculate -2 - (-12 + 5 + (-1 - 0)).
6
What is the value of 2 - ((7 - 1) + -3)?
-1
Evaluate 4 - 2 - (4 - 2).
0
Calculate -68 - -75 - (-1 + 4).
4
9 - (8 - (4 - 1) - 2)
6
Evaluate 9 + 5 + -5 + -2.
7
Evaluate (9 - 2) + (0 - -4) + -6.
5
Calculate -1 - (9 + -5 + 2).
-7
What is -5 - 0 - (-8 + 3 + 4)?
-4
What is the value of -7 + 11 + (-14 - -2) + 4?
-4
Evaluate -3 + 6 - -2 - (14 + -2).
-7
What is the value of -1 - -7 - (7 + 1)?
-2
What is the value of 4 - (-4 - -7 - 3) - -2?
6
Calculate 9 + (-28 - -13) + 7.
1
Calculate 3 + -3 + 5 - (1 + 7).
-3
What is the value of -16 + 3 + 6 + 1 - -1?
-5
What is 4 - (4 + (-4 - 0) + 3)?
1
0 - 3 - -5 - (4 - 1)
-1
Calculate (5 - 2 - 1) + -7.
-5
Calculate (-164 - -169) + (-1 - -1 - 0).
5
2 + 1 - (10 - (6 + 2))
1
Evaluate (1 + 1 - 2 - 3) + 2.
-1
What is (-7 - (-17 - -1)) + -4 + 0?
5
Evaluate -1 + (19 - ((3 - -6) + -1)).
10
What is the value of 1 - ((0 - 0) + -15 + 16)?
0
What is (-6 - -5) + 7 + -12?
-6
What is the value of -6 - (-5 - (-12 - -7))?
-6
Evaluate -8 - (-18 + 6 + 7).
-3
What is 2 - (1 + 0 + 2 + -1)?
0
What is 7 + -2 - (-14 - -21)?
-2
Calculate 0 + (-7 - -20 - 21).
-8
Calculate -1 + 4 - -1 - 4.
0
Calculate 11 + 0 + (0 - 